107) - 30.
-9
Calculate (25 + 72 - -28) + -81.
44
-7 + (-4 + -9 - (-10 + -2)) + -2 + -5
-15
Calculate 11 + (-2 - -24) - 54.
-21
Evaluate -93 - ((1 - -16) + -67).
-43
Calculate -76 + -3 + (60 - -16).
-3
What is the value of 22 + (-8 - (29 + -20)) + 0 + -12?
-7
What is (279 + -313 - (0 + -3)) + 14 + -1?
-18
-34 + (79 - 17) + 50
78
Calculate (3 - -4) + (37 - 25) - 51 - 13.
-45
Calculate -14 + -23 + 55 + -103.
-85
Calculate (-5 + 5 - -3) + (-7 + -49 + 7 - 12).
-58
What is the value of -172 + 2 - (-1179 + 1102) - (-23 + 0)?
-70
What is the value of (0 - -7) + -18 - (-19 + -18 + 9)?
17
What is 25 - (60 + -88 - (-29 - 5))?
19
-28 + 27 + -1 + (-6 - 4)
-12
What is -8 - (-43 + 83 + -11) - 9?
-46
Evaluate -92 - ((2 - 12) + (153 - 73 - 73)).
-89
Calculate 7 + (868 - 794) + 0 + -8.
73
(-177 - (-93 + -1)) + 145
62
What is the value of -90 + (-44 + -16 - -98)?
-52
Evaluate 21 - (-8 - (-19 + -9)) - (6 + -1).
-4
12 + -22 + 22 + (119 - 164)
-33
What is (25 - (27 + (32 - 69))) + (4 - (-1 - 1))?
41
What is -5 + 13 + 106 - (106 - 115)?
123
Calculate 13887 - 13856 - (35 + 0).
-4
Evaluate -2 + (3 - -3) - (-933 - -892).
45
Evaluate 2 - (18 - 0 - (-718 + 715)).
-19
What is 159 - (17 + -6 + 59)?
89
Calculate 44 - -21 - (9 - (21 + -3 + 3)) - 11.
66
What is the value of (-26 - -83 - (-6 + -1)) + (13 + -3 - 13)?
61
(1 - (81 - -2)) + 53 + (-34 - 13) + -12
-88
What is the value of -29 - (23 + (111 - 98))?
-65
What is the value of (-47 - -29) + 5 - (-15 + -28 + 12)?
18
39 + (0 - (-21 + (18 - 5))) + -17 + 0
30
Calculate (-49 + 12 - 62) + (-3 + (4 - -1) - 10).
-107
Evaluate (-1 + 0 - 13) + 1 - (-259 + (1047 - 718)).
-83
Calculate -164 - 1 - (2413 + -2532).
-46
What is (7 - (24 + -34)) + 36?
53
Calculate (-3 - -19) + -10 + (-46 - (-3 - 3)).
-34
What is the value of -190 + 151 + 27 - (-2 - -1 - 50)?
39
(30 - 15 - 56) + (-42 - -25) + 14
-44
(89 - 60) + 12 + (-113 - -9)
-63
(190 - -44 - 144) + -213
-123
Calculate (18 - (-15 + 14 + 25)) + 144 - (8 - 0).
130
What is the value of (83 - 109) + (0 - (-2 + 30))?
-54
What is -20 + 8 + 71 - ((4 - -3) + -2 - -1)?
53
What is (-12 + (65 - (-14 - -6)) - 10) + -11?
40
Evaluate 410 + -394 + (-3 - -6) + (-9 - -3) - -19.
32
Calculate 10 + -134 + (-763 - -838).
-49
5 - (-99 + -33 + (34 - -8))
95
What is the value of 12 - (-1 + 0 - -45) - -31?
-1
What is -3925 + 3783 + 77 + 0?
-65
Evaluate 3 + -1 - ((-33 - (17 - 45)) + 74).
-67
Calculate (-22 - (-2 - 19)) + -13 + 17.
3
What is the value of 30 + 57 - 97 - 43?
-53
What is the value of -4 + 0 + (4 + -30 - -20 - (57 + 8))?
-75
What is the value of 24 - (20 - (9 + -12)) - (1 + 3)?
-3
Calculate 2 - 6 - ((-163 - -197) + (-1 - 27)) - -53.
43
Calculate -5 + (2 + 8 - (-20 - (-52 + 24))) + 37.
34
What is (-27 - 2) + (41 - 13) + -14?
-15
Evaluate -11 + (-11 - (-18 + 21)) + 4 - 61.
-82
Calculate -2 - -37 - (-8 + 9 + 17 - 5).
22
What is -82 + (-15 + -1 + 10 + (-16 - -8) - -12)?
-84
Evaluate (6 - 23) + 28 - 8 - (-29 + 0).
32
-44 - ((3 - -7) + -33 + 19)
-40
-17 - (4 + (5 - 18) + 30)
-38
Calculate (1 - 1) + 0 - (4 + (-5 + -8 - -10)).
-1
What is -3 + 24 - (-22 - (-20 - -24 - -64))?
111
What is the value of 44 - (-27 + 7 + (1 - -20) + 15)?
28
What is the value of 8 + -9 - (-12 + -11 + (-4 - -7) + 5)?
14
-14 + 10 + 3 + 64 - (-5 + 5)
63
-69 - -29 - -29 - -56
45
What is -1 + 5 - (34 - (5 + 3 + (5 - 5)))?
-22
(-11 - 2) + (-19 - (-103 - (2 - -20))) + -13
80
170 - ((133 - 73) + 0)
110
What is the value of (-140 - -258) + 26 - 232?
-88
What is the value of 14 + 2 + 6 + -68 + (105 - 45)?
14
What is (-3419 - -3425) + 19 + (-2 - -2) - (-3 + 13)?
15
Calculate (-19 - (31 + -24) - -24) + 11.
9
Evaluate 3 - (-6 + -8 - (16 - 17 - 81)).
-65
What is 1 + (1 - -7 - (0 + (-8 + 24 - -20)))?
-27
What is -26 + 23 - (-61 + -23 - 4)?
85
What is the value of (0 + 5 - (-291 - -295)) + 11 + -34?
-22
Evaluate -1 + 104 + (-221 - -486) + -230.
138
What is 20 + (41 + -16 - 24)?
21
What is 2 + -85 + -2 + 174 + -91 + -79?
-81
Calculate 3 + 9 + (-7 - ((-15 + 87 - -5) + -16)).
-56
What is the value of 30 - (-3 - (-27 + 11) - 8 - -3)?
22
What is the value of -55 - (-10 + -4 - (-14 + -15 + 25))?
-45
-8 + (-1 - (-3 - -1)) - (821 - 834)
6
Calculate -2 + (5 - 21) + 15 + (2 - -8) + 2.
9
Evaluate -61 + (31 - (-40 + 31)).
-21
What is the value of (7 - -2) + (6 - (3 + 10))?
2
Evaluate -8 + (-16 - -38) - (123 - 30).
-79
Evaluate (-7 - 9 - -44) + -35 - 38.
-45
Evaluate 40 + -53 + 15 + -8.
-6
Calculate (3 - 8) + (-11 - -15 - (-13 + 5) - 17).
-10
(15 - (-24 + 13 + 26)) + -34
-34
What is the value of (-34 + 45 - (-11 - 3)) + -21?
4
35 + -2 - (-36 - (8 + -40)) - -5
42
What is 2 + (1 - (0 - 6) - (85 - (12 + -36)))?
-100
Evaluate (9 - 0) + 24 + 1 + -3.
31
What is 21 - 1 - (-8 + 167) - (-17 + 4 - -1)?
-127
Evaluate 20 - (10 - 46 - -52) - (-4 + -1).
9
Evaluate (7 - (6 - -49)) + (6 + -3 - 6) + -6.
-57
Calculate (8878 - 8762) + -159 + -1.
-44
What is 40 + (-146 - -64) + 75?
33
Evaluate (-2 - 9) + 2 - (-101 + 36 + 31 - 17).
42
4 - 1 - (184 - 170 - (1 + -18))
-28
Calculate -2 + 15 + -1 - (130 - (50 - -40)).
-28
13 + 3 + -25 + -3 + -4 + -5
-21
What is the value of 110 + -86 + -9 + -32?
-17
(2 - 4 - 11) + 4 - (-30 + 10 - -4)
7
-20 - (22 - (4 + -35))
-73
-1 + (-25 - -9) + (-26 - -31)
-12
51 - (-9 - (10 - 9)) - 15
46
What is the value of (132 - 34) + -42 + 3?
59
Calculate 7 - -9 - (-9 + 17) - 11 - -47.
44
Evaluate 139 + (53 - 298) + 0 + 37.
-69
What is 18 - (6 - 1) - 0 - (20 - (-11 - 46))?
-64
Calculate (-322 - -346 - (4 + 2)) + -12.
6
What is the value of (0 - (-3 + 2)) + (35 + (7 - -17) - 22)?
38
Calculate (5 - -13) + -3 + -23 + 15 + -3 + -65.
-61
Evaluate (-6 - 5) + (-1 - 3 - 5 - -148).
128
Evaluate (45 - 43) + -76 + -14.
-88
Evaluate 2 + -20 - (-2 + 20 + -17).
-19
Calculate (-12 - (-30 + -18)) + -30 - (-2 - -6).
2
What is the value of 53 + -1 + -12 + (-441 - -448)?
47
-27 - (-2 + 12 + -15 + -6 + 0)
-16
What is the value of (-2 + -43 - -37) + 4 + 0 + -5?
-9
Calculate 321 + -362 + 12 + 3.
-26
Evaluate -1811 + 1727 - (-79 - 3).
-2
What is the value of -13 - (-15 + -6 + 18 + (16 - 2))?
-24
What is 24 + -33 + 16 + -81?
-74
What is the value of -21 - (78 + -109 + 20)?
-10
What is the value of (43 - (73 + -83)) + -117?
-64
Evaluate -10 - ((9 - (6 + -5)) + -43 - -9).
16
Calculate (-61 - (15 + -16 + -2)) + 19.
-39
What is the value of 270 - (79 - (-20 - 26))?
145
Evaluate -93 + 45 + 50 - (0 - 53).
55
Evaluate 8 + (-24 - (-6 - (-9 + (-8 - -16)))) - -42.
31
What is -8 + 25 + -17 - (-15 - 1)?
16
(-56 - 56) + 3 - -45
-64
Evaluate 102 + -41 + 11 + -28.
44
What is the value of -3 + (-41 - (9 + -2) - (-9 + 9))?
-51
Evaluate -43 + (2 - -30) + 3 + 40.
32
(-7 + 3 + (1 - -2) - -1) + (-296 - -232)
-64
Calculate -6 - -119 - 110 - 42.
-39
What is (29 - (35 + -11 + 56)) + (0 - -3)?
-48
Evaluate (0 - -10 - (-27 + -6 + 29)) + -88.
-74
(-6 - (-17 + 9)) + -6 - (15 - 13)
-6
22 - (10 + 14 - 23) - 13 - 108
-100
Evaluate 0 + 2 - (4 + (10 - (6 + 16))).
10
Calculate -137 - -225 - (16 + -10 + 12).
70
Calculate (-437 - -404 - (-2 + 4)) + 0 + 15 + -1.
-21
What is -393 + 413 + (0 + 4 - -4)?
28
What is the value of 43 + (19 - (6 - -7) - 24 - -12) - -10?
47
Evaluate 13 - ((-15 - -15) + 27 + -3 + 3).
-14
What is the value of (2 + -3 - -31) + 9 + -26 + -4 + 29?
38
Calculate (-4 - -4) + -4 + -2 - (-8 + -5) - 36.
-29
Evaluate -84 + (-23 - (137 - 326)).
82
Evaluate -153 + (-104 - -173) - (1 + -7).
-78
What is the value of -16 + 21 + (-9 - -8) + -48?
-44
Evaluate 61 + -20 + 13 + -19 + 0.
35
What is -17 + -9 + 16 + 22 - -29?
41
Calculate (23 - 9 - -4) + 4 - -8.
30
What is the value of (-606 + 591 - (-54 - -1)) + -20 + (0 - -9)?
27
(119 + -78 - 34) + (7 - -1) + 0 - 154
-139
Evaluate 12 + -3 + 1 + -15 + -17 + (15 - 2).
-9
Calculate -5 + (29 + 4 + -2 - (46 - 53)).
33
-19 + -16 - (-38 + (-79 - -63))
19
What is the value of 1291 + -1165 + (2 - -13)?
141
What is the value of (46 - -56) + -119 + -11?
-28
Evaluate 45 - 2 - (140 + 1 + -46).
-52
Evaluate 22 - ((-15 - 11) + 49) - -45.
44
What is (-374 - -333) + (-1 - -4)?
-38
22 - (-523 + 495 - (23 + -1))
72
What is the value of (824 - 784) + -5 + 7 + 26?
68
What is the value of -59 + 1 + 7 + (-10 + 1 - (-13 - -8))?
-55
9 - (-19 - (19 + (-4 - 66)))
-23
Calculate (-1 - 53) + -19 - -22.
-51
Evaluate 20 - (41 - 151) - 60.
70
Evaluate -91 + -1 + -19 + -28 + 21 + 44.
-74
Evaluate -